reatest common factor of 44 and r.
44
Let r be 1/(0 + 1/3). Suppose 0 + 10 = t + v, 2*v = -r*t + 29. Calculate the highest common factor of t and 9.
9
Let q be 4/6*90/4. What is the highest common factor of 15 and q?
15
Let y(x) = 7*x + 10. Let q be y(0). Calculate the greatest common divisor of 5 and q.
5
Let i be (-39)/91 - (-90)/14. What is the greatest common divisor of 10 and i?
2
Suppose 5*g + 16 = y - 54, -3*g = y - 78. Suppose 3*o + 27 = -0*o. Let s be (-141)/o + (-4)/6. What is the highest common divisor of s and y?
15
Suppose -n + 11 = 3*k, -5*n + 41 = -5*k + 6. Suppose -5*u = 4*w - 51 - 50, -n = -2*w. What is the greatest common divisor of u and 68?
17
Let h = -11 - -15. Suppose 0 = f - h - 2. Calculate the greatest common factor of 24 and f.
6
Suppose 2*j + 10 = -4*s + 230, 0 = -3*s + j + 160. Calculate the highest common divisor of s and 27.
27
Let s be 164 + (-4 - -1 - -1). What is the greatest common divisor of s and 18?
18
Suppose -2*b = 3*b + 255. Let m = 13 - b. Calculate the highest common factor of 16 and m.
16
Suppose -5*n = -4*b + 143, -3*n - 195 = -9*b + 4*b. Let c = 15 - -13. What is the highest common divisor of c and b?
14
Let h(j) be the first derivative of 2*j**2 - j - 3. Let w be h(2). Calculate the highest common factor of 21 and w.
7
Suppose -50 = -2*z - 14. What is the greatest common divisor of z and 18?
18
Suppose -5*h - 70 = -p - 0*p, 5*h = -5*p + 290. Suppose -6*j + j = -p. Suppose -3*i + 5*i = 16. Calculate the greatest common divisor of j and i.
4
Let f(l) = 2*l**2 - 4*l - 5. Let w be f(5). Calculate the greatest common divisor of 125 and w.
25
Let t = -3 - -8. What is the greatest common factor of 35 and t?
5
Suppose -3*c = -0 - 6. Suppose 4*n = 2*n - 5*i + 5, 3 = -c*n + 3*i. Suppose n = 2*t - 2 - 4. What is the highest common factor of 3 and t?
3
Suppose 225 = 4*j - 55. Calculate the highest common divisor of j and 10.
10
Let i = 11 + -6. What is the highest common divisor of 35 and i?
5
Let d(l) = -2*l. Let t be d(-5). What is the highest common factor of t and 10?
10
Let d be (-3)/3 - (1 - 20). Let m be d + -16 + 13*1. Calculate the greatest common factor of 3 and m.
3
Let c(b) = -b + 25. Let i be c(6). What is the highest common factor of i and 152?
19
Suppose -5*r + 3*h + 436 = 21, 2*h - 310 = -4*r. Suppose -3*q + 50 = q + 5*n, 0 = 3*q + 3*n - 36. What is the greatest common factor of q and r?
10
Let c(y) = 6*y**2 + 3*y. Let a be c(-2). Suppose -2*r + 5 = -j, 0 = -3*r - j + 6*j + a. Calculate the highest common factor of r and 1.
1
Let f(s) = s**3 + 6*s**2 - 3*s - 1. Suppose 0*w + 5*j + 31 = -2*w, 2*w - 5*j - 19 = 0. Let o be f(w). Calculate the greatest common factor of 5 and o.
5
Suppose k - 2*s - 220 = 0, -3*s + 419 = -2*k + 4*k. Let g = k + -88. What is the greatest common divisor of g and 18?
18
Let m be (0 - (0 - 0)) + 22. Suppose -5*l + 3*a = 4*a - 15, 2*a - 18 = -4*l. Let x be l/5*(-5)/(-1). Calculate the greatest common divisor of x and m.
2
Let z = 8 - 13. Let h be (z + 1)/(3/(-6)). Calculate the highest common divisor of h and 32.
8
Let g(d) = 7*d - 9. Let w be g(3). Calculate the highest common factor of 48 and w.
12
Suppose 0 = m - 7 + 3. Suppose 14 = t + 4*g, -5*t - g = -m*g - 116. Suppose -3*n = 5*k - 165, 66 = k + k - n. Calculate the highest common factor of t and k.
11
Suppose 0 = c - 38 - 45. Let n = 6 - c. Let k be 9/15 - n/5. What is the greatest common factor of 48 and k?
16
Let b = 159 - 151. Calculate the highest common factor of b and 24.
8
Let r(a) = 5*a - 3. Let x be r(9). Let l be 12/7*x/12. What is the greatest common factor of 54 and l?
6
Suppose 3*z = -4*l - z + 596, 2*l + 4*z - 308 = 0. Let n(t) = 10*t + 6 - 3*t**2 - 14 + 2*t**2. Let b be n(6). Calculate the greatest common divisor of l and b.
16
Let z be -9 + 12 - 16*-2. Let f = -25 + z. What is the greatest common divisor of f and 5?
5
Suppose -2*v = -7*v + 320. Calculate the greatest common factor of v and 16.
16
Let r be (-67)/(-5) - 2/5. Let a = 92 + -36. Let n = 82 - a. Calculate the greatest common factor of n and r.
13
Suppose -269 = -9*g + 127. Let s be (11/(-4))/(1/(-4)). What is the greatest common factor of g and s?
11
Suppose 0 = -3*w - w + 12. Suppose 12 = v + w*v. What is the greatest common factor of 3 and v?
3
Let x be (-20 - -58)/((-2)/((-1)/1)). Let j be ((-38)/(-4))/((-1)/(-2)). Calculate the greatest common divisor of j and x.
19
Let n(l) = 70*l**2 + 3*l + 1. Let s be n(-1). What is the greatest common divisor of 170 and s?
34
Let k(f) = f + 25. Suppose 0*c - 4*h - 12 = c, 0 = -2*h - 6. Let q be k(c). Calculate the greatest common factor of 5 and q.
5
Let q be 2/(-5)*(-11 + -4). What is the highest common factor of 48 and q?
6
Suppose 0 = -5*u + 67 + 353. What is the greatest common divisor of 12 and u?
12
Let b(p) = -2*p + 1. Let h be b(0). Let n be (1 - h) + 0 - -20. Calculate the greatest common divisor of n and 5.
5
Let n(x) = x**2 - 9*x + 2. Let a = -14 - -20. Let g be n(a). Let l = g + 46. Calculate the highest common divisor of l and 6.
6
Suppose 2*c + 90 = 7*c. Let y be (-4)/c - (-146)/9. Calculate the highest common divisor of y and 144.
16
Let h = -59 - -72. What is the greatest common divisor of h and 52?
13
Let t(x) = 2*x - 11. Let v be t(8). Calculate the highest common divisor of 2 and v.
1
Suppose 0*x + 2*x - 28 = 0. Suppose 2*n - 23 = -9. What is the greatest common divisor of n and x?
7
Let d be 6*(2/(-4) - -2). Let p(k) = 6*k - 7 - 1 + 5*k - k**2. Let x be p(d). What is the highest common factor of x and 80?
10
Let t(g) = -g**2 + g + 9. Let x be t(0). Calculate the greatest common factor of x and 45.
9
Let h(c) = 2*c**2 + 4. Let v be (2 + 3)/(1 - 0). Let z be h(v). What is the greatest common divisor of z and 6?
6
Let u = -2 + 0. Let v = -4 + u. Let y be (9/v)/((-2)/88). Calculate the highest common factor of y and 6.
6
Let s = 8 + 8. Let y be 1 + s - (2 - 1). Suppose 0 = -2*p + 2 + y. Calculate the greatest common factor of 9 and p.
9
Let g(k) = 41*k - 2. Let h = -9 + 7. Let y(v) = -3*v - 3. Let q be y(h). Let d be g(q). Calculate the greatest common divisor of d and 11.
11
Let j be 0 + 4*(-1)/2. Let s(o) = -4*o - 3. Let c be s(j). Let i(a) = a**3 + 8*a**2 + 6*a - 2. Let y be i(-7). Calculate the highest common divisor of y and c.
5
Let m(b) be the first derivative of -1 + 0*b**3 - 2*b**2 - 3*b - 1/4*b**4. Let j be m(-3). What is the highest common factor of 6 and j?
6
Let x be (-6)/(-8) + 295/(-20). Let g = 84 + x. Calculate the greatest common factor of g and 14.
14
Suppose c + 3*c - 156 = 0. Let i(y) = -y**2 + 3*y + 1. Let t be i(4). Let j = t - -16. Calculate the highest common factor of j and c.
13
Suppose l - 9 = -5*i, -2*i - l + 1 = -i. Suppose r + 19 - 62 = -i*a, -5*r + 2*a + 155 = 0. What is the highest common divisor of r and 22?
11
Let r = -9 - -7. Let o(d) = 2*d**2 + 3*d + 2. Let m be o(r). What is the highest common factor of 16 and m?
4
Suppose 0*f = 2*f + 24. Let j be ((-2)/(-3))/(f/18). Let g be (48/(-15))/(j/5). Calculate the greatest common divisor of g and 144.
16
Let b(s) = -s**3 - 2*s**2 - s + 4. Let u be b(-3). Calculate the highest common divisor of u and 24.
8
Suppose -3*t + 67 = -5*o + 260, -4*t - 156 = -4*o. Calculate the highest common divisor of 152 and o.
38
Suppose -7*t = 2*t - 18. What is the highest common divisor of t and 32?
2
Let y be 3/(3/2 + 0). Suppose y*z + 48 = 5*z. Let f(k) = -14*k**3. Let w be f(-2). Calculate the highest common factor of z and w.
16
Suppose -i + 6 = 4*f, i - 11*f - 14 = -7*f. What is the highest common divisor of 160 and i?
10
Let z(a) be the third derivative of a**6/60 - a**5/60 + a**4/24 - a**3/2 + 6*a**2. Let g be z(3). What is the highest common divisor of 5 and g?
5
Let y(b) = -b**2 - 9*b - 6. Let m be y(-6). Calculate the greatest common factor of m and 72.
12
Let l = 11 - -38. What is the highest common factor of 7 and l?
7
Let f be (-6 + 3)*(-50)/6. Let h = 25 - 17. Suppose 2*a - 23 = -n, -a = -n - h + 1. Calculate the greatest common divisor of f and a.
5
Suppose -2*z = -x - 0*x + 133, -246 = -2*x - z. Calculate the greatest common factor of 50 and x.
25
Suppose 150 + 264 = 3*i. What is the greatest common factor of i and 6?
6
Let a = -4 - -18. Let o(l) = -l + 11. Let t be o(9). Calculate the highest common